
5
Let c(k) = -2*k + 7. What are the prime factors of c(-5)?
17
Let l = -19 - -13. What are the prime factors of l/(2 - 4) + 12?
3, 5
Let j(q) = q + 5. Let h be j(-2). What are the prime factors of 2*(9 + (7 - h))?
2, 13
Let a(r) = r**2 - 4*r + 4. Let q be a(5). Let f = q + -3. List the prime factors of f.
2, 3
Let c(i) = -i**2 + 14*i + 7. List the prime factors of c(5).
2, 13
What are the prime factors of 2/11 + (-7446)/(-187)?
2, 5
Suppose -4*d = -d. Let u = -3 + 7. Suppose -5*v - u*i = -22, -3*i - 6 = -d*i. What are the prime factors of v?
2, 3
Let o(z) be the second derivative of -z**4/12 - 4*z**3/3 + 3*z. Suppose 0 = -3*b + 4 - 22. List the prime factors of o(b).
2, 3
Let l be (4/(-12))/(2/12). What are the prime factors of (-1)/l + 66/4?
17
Let i(q) = -q**2 + q - 2. Let l be i(0). What are the prime factors of (2/(-4))/(l/28)?
7
Let c = -10 + 6. Let h = 9 + c. Suppose 0 = -0*p + 2*p, 0 = h*t + 2*p - 10. List the prime factors of t.
2
Let p = -37 + 102. What are the prime factors of p?
5, 13
Suppose f + 0*f = 3. Suppose 0 = v - 2*v + f. What are the prime factors of ((-96)/20)/(v/(-10))?
2
List the prime factors of 2/((-4)/760*-5).
2, 19
Let c = 38 - -4. List the prime factors of c.
2, 3, 7
Suppose 124*h - 464 = 120*h. What are the prime factors of h?
2, 29
Let c(d) = -10*d**2 + d + 1. Let a be c(2). Let f = -17 - a. List the prime factors of f.
2, 5
List the prime factors of (-2940)/(-25) + (-4)/(-10).
2, 59
Suppose -4*n + 56 = -24. Suppose -3*u - 3 - 3 = -3*s, n = 5*u. List the prime factors of (s/(-9))/((-1)/6).
2
Let n(t) = 45*t**2 + t. Let d be n(-1). Let c = 24 - d. Let s = c + 28. What are the prime factors of s?
2
Let f(o) = 2*o**2 + 6*o + 5. Let t be f(-5). Let d = t + -15. Let a = d - -10. List the prime factors of a.
2, 5
Let a = 81 - 57. Let u be (a/15)/(4/10). Suppose -3*k = -u*v - 49, 0*v = -2*k + 2*v + 30. List the prime factors of k.
11
Suppose 4*l - 268 = -4*h, l + 4*l - 2*h = 363. List the prime factors of l.
71
Let b = -74 - -78. List the prime factors of b.
2
Let z(g) = 20*g + 1. Let m be z(-1). Let a = m + 32. List the prime factors of a.
13
Let j(l) = 0*l - 5*l + 2*l - 6. Let g be j(-6). Suppose i = g - 1. List the prime factors of i.
11
Let r(k) = 12*k + 1. List the prime factors of r(2).
5
Let p be (-12)/4*4/6. List the prime factors of p/(-7) + (-865)/(-35).
5
Let n = -3 + 5. Suppose 0 = 2*g + n*g - 64. List the prime factors of g.
2
Let x = 93 - 44. What are the prime factors of x?
7
Let t be 14/(-4) + (-4)/(-8). Let m = t - 0. What are the prime factors of -2 - m - (-1 - 9)?
11
Suppose -2*s + 5*y + 2 - 8 = 0, -5*s = 2*y - 43. Suppose t + 3*t = -5*x - 34, -x - s = t. What are the prime factors of ((-4)/x)/(4/60)?
2, 5
Let s be -2 - 4/(-6)*3. Suppose 4*f + 2*d + 0*d - 32 = 0, 4*d = s. What are the prime factors of f?
2
List the prime factors of (8 + -6 + 1 + -2)*212.
2, 53
Suppose -2*i = 5*f - 59, -i - f = -5*f - 49. List the prime factors of i.
37
Let g(r) = -r + 1. Let l(s) = 2*s**3 + 2*s**2 + 4*s - 6. Suppose 3*q - 3 = -0. Let u(p) = q*l(p) + 5*g(p). List the prime factors of u(2).
3, 7
What are the prime factors of 718/(-4*3/(-6))?
359
Suppose 86 = g - 3*r, 0 = -3*g + 7*r - 8*r + 258. What are the prime factors of g?
2, 43
List the prime factors of 37 + (-2 - (-18)/3).
41
Let h(v) = v**2 + 3*v + 4. Let k be h(-5). Let r be 38/(-14) + (-4)/k. What are the prime factors of (0 + -1)/r*9?
3
Let a(h) = -h**3 - 9*h**2 + h - 6. Let z be a(-9). What are the prime factors of (0 + -15)/(z/25)?
5
Suppose y - 24 = 5*y. Let x be 1/((-3)/y - 0). Suppose 0*j = x*j - 22. What are the prime factors of j?
11
Let j(x) = 5*x**2 + 24*x + 28. Let p(r) = -3*r**2 - 16*r - 19. Let d(i) = -5*j(i) - 8*p(i). List the prime factors of d(9).
3
Suppose 0*a - 10 = -2*a. List the prime factors of (100/6)/a*3.
2, 5
List the prime factors of (-9)/(-12) - (-84)/16.
2, 3
List the prime factors of (-15)/9*(-882)/6.
5, 7
Let i(u) be the second derivative of -u**4/12 - 7*u**3/6 + 2*u**2 + 2*u. Let l be i(-7). Let r(h) = 3*h - 1. What are the prime factors of r(l)?
11
Let x(q) = 2*q - 4. Suppose 0 = -3*i - 1 + 16. What are the prime factors of x(i)?
2, 3
Let n = 12 - -101. List the prime factors of n.
113
Suppose -8 = -2*q + 2*w, 4*q + 5*w = 2*q + 15. Suppose -3*r + 76 = q*b - 27, 2*b + 110 = 3*r. Let s = r - 24. List the prime factors of s.
2, 3
Let v = 3 + 0. Suppose 8*l + 20 = 5*n + 3*l, 0 = 3*l - v. What are the prime factors of n?
5
Let p be 1/((-2)/(-4)) + 19. Let q = -2 - -2. Suppose 7 = 2*l + 3*j, 3*l = -q*j - j + p. What are the prime factors of l?
2
Let v = -10 + 1. Let p = -3 - v. List the prime factors of -1 + p + (1 - 2).
2
Let g(u) be the second derivative of -u**3/6 + u**2/2 + u. List the prime factors of g(-2).
3
Let t be (-1)/(-2) - 1/(-2). Suppose t + 14 = 3*c. Suppose -c = -4*u + 7. What are the prime factors of u?
3
List the prime factors of (-4 + 1)*(-128)/12.
2
Let n(k) = k**3 + 7*k**2 - 4*k - 8. Let d be n(-7). Let t be d/(((-4)/7)/(-2)). List the prime factors of t/8 + (-2)/(-8).
3
Suppose -3*w - 300 = -8*w. What are the prime factors of w?
2, 3, 5
Let h(s) = -s**3 + 12*s**2 - 12*s + 10. List the prime factors of h(8).
2, 5, 17
Suppose 0*r = 2*r - 38. List the prime factors of r.
19
Let h(d) = -7*d + 1. Let q(m) = -21*m + 3. Let r(u) = -7*h(u) + 2*q(u). Let g be r(1). Let n = g + -4. What are the prime factors of n?
2
Suppose 2*j - 7 = 4*t + 7, 1 = 4*t - 5*j. Let a = t - -12. What are the prime factors of (2/a)/(2/66)?
11
Let d = 40 + 108. What are the prime factors of d?
2, 37
Let u be (-44)/6 - 1/(-3). Let w = 12 + u. Suppose 0 = -4*v + w*b + 18, -2*v + 2*b + 16 = 3*b. List the prime factors of v.
7
Let h(r) = r**2 - 8. List the prime factors of h(8).
2, 7
Suppose -5*c + 4*y - 27 = 0, -5*c + 0*c - 3*y - 6 = 0. List the prime factors of c/6*-4*2.
2
Let l(y) = -y**3 + 10*y**2 - 8*y - 3. Let k be l(9). Suppose -k = -2*j - 0. Suppose -j*f = f - 16. List the prime factors of f.
2
Let q = -43 + 156. What are the prime factors of q?
113
Let b(q) = -110*q + 16. List the prime factors of b(-2).
2, 59
Let l = 17 - 7. Suppose 5*z = 5*h + l, 3*h - 4*z = -0*h - 11. Suppose -2*f - p + h = f, -3*f = 5*p + 9. List the prime factors of f.
2
Suppose 0 = 5*b + 10, b + 52 = 2*g + 10. Suppose g = -z - 3*z. List the prime factors of (-49)/z + (-5)/(-25).
2, 5
Suppose -3*j - j = 0. Suppose 0 = 5*p + 4*a - 85, j = -5*p - 2*a + 153 - 58. What are the prime factors of p?
3, 7
Suppose 5*y = t + 3, -4*t - y = -6*y - 3. Suppose 0*d - 8 = -t*d. What are the prime factors of d?
2
Let i(x) = -21*x - 1. Let r be i(-1). Suppose -2*y + 8 + r = 0. List the prime factors of y.
2, 7
Let s(t) = 2*t**3 + 4*t**2 + 5*t + 5. Let x be s(-2). Suppose -w - 32 = -4*u, 3*w = 2*u - 0*u - 6. Let q = x + u. What are the prime factors of q?
2
Suppose 2*b - 6*b + 5*j + 24 = 0, 0 = -2*b + 5*j + 12. Suppose b*g - g = 0. Suppose -d - 2*d + 15 = g. What are the prime factors of d?
5
Suppose 3*a - 187 = -5*v + 5*a, -5*a + 143 = 4*v. List the prime factors of v.
37
Let g(l) = 2*l**3 - 2*l**2 + 1. Let z be g(1). Let r(m) = 15*m + 4. Let k(a) = a + 1. Let h(x) = -5*k(x) + r(x). What are the prime factors of h(z)?
3
Let a(d) = d**3 + 4*d**2 - d + 1. Let j = 1 - -2. Suppose j*z + 13 = 1. What are the prime factors of a(z)?
5
Suppose -3*k = k - 12. Let o(y) = y**3 - 2*y**2 + y - 4. What are the prime factors of o(k)?
2
Let j = 2 - -5. List the prime factors of j.
7
Let b be 1/(3/3) + 2. List the prime factors of -1*(0 - (b + 5)).
2
Let i(t) = t - 2. Let y be i(-5). Let l(w) = w**2 + 7*w + 2. Let r be l(y). Suppose 3*d - r = 10. List the prime factors of d.
2
Let b = -35 - -121. What are the prime factors of b?
2, 43
Let z(q) = q**2 + 27*q + 31. List the prime factors of z(-29).
89
Suppose -31*w - 301 = -32*w. List the prime factors of w.
7, 43
Suppose -5 = -2*u + 3. Suppose 21 = 5*j - u. What are the prime factors of j?
5
Let j be 3*-3*(-1)/(-3). Let r be 1*(j - -4) - -41. Suppose -3*p = 4*q - r, 2*q - 3*p + 7*p = 26. What are the prime factors of q?
3
Let j = -4 - -6. Suppose 0 = b - j - 3. Suppose 2 = -5*p - 4*k, 12 = -2*p + b*p - 2*k. List the prime factors of p.
2
Suppose -3*q = 24 - 45. What are the prime factors of q?
7
Let l(f) = f**2 - 3*f - 2. Suppose -3*q + 7*q = h - 7, 5*